luate -13 - (9 + -12 + -18 + -10).
18
Calculate -2 + -1 + 49 + (-35 - -5).
16
Evaluate -5 - (-8 - 22 - -21).
4
-1 + 6 + (-6 - -16) + -5 + -39
-29
What is 46 - (-25 - -70) - (0 + 36)?
-35
(1 - -3) + 60 + -74
-10
Calculate -5 + (-1 - (3 + -9 + 9)).
-9
What is (-1 - -17) + (7 - (14 + 6))?
3
Calculate 9 + (-49 - (29 + -42)).
-27
Calculate 0 + -17 + (0 - -1 - (-5 + 1)).
-12
What is -3 + 7 + -14 + 4 - (-17 - -4)?
7
Calculate -1 + 4 + (9 - 10 - 0 - 8).
-6
11 + (7 - (4 - 5 - -14))
5
Calculate 9 - (0 + (-1 - 6 - -1) + 7).
8
Calculate 2 + (24 + -18 - 34).
-26
What is the value of 0 + (5 - -4) - (-9 - (-2 + -6))?
10
Evaluate 28 + -12 + -2 - (2 - 3).
15
What is 5 + -2 - 5 - (5 - 3)?
-4
Calculate 8 + -1 + -28 + -2 - (-34 - -30).
-19
Evaluate -18 - ((17 - -23) + -26).
-32
Evaluate -23 + (6 - -21) + 6.
10
What is (3 - 17) + 9 - (11 - -1) - 9?
-26
Evaluate -6 + (4 - 3) + 10.
5
1 - (-22 - 0) - (-1248 + 1253)
18
Calculate -1 + -23 + 48 + -14 - (8 - 1).
3
What is 1 - ((4 - (4 - 3)) + -13 + 7)?
4
What is the value of (0 + -4 - -1) + -25 + 13?
-15
Calculate (-35 - -2) + 8 + (2 - 5) + -4.
-32
Calculate -7 + (1 + 20 - (-107 + 106)).
15
What is -2 + (-16 + 0 - -7) - -5?
-6
What is the value of 118 + -130 - (-18 - 2)?
8
12 + (14 - 29 - -30)
27
-1 + -7 - (-295 + 274)
13
What is the value of -1 - (-6 + -5 + 4 + 3 + -3)?
6
Calculate -5 + (-2 - -1 - (-7 - (6 - 2))).
5
Calculate 4 + (-26 - -41 - 2).
17
Calculate 13 + 1 - (-6 - (-23 - 0)).
-3
(22 - 40) + 42 - 0
24
6 - 9 - -14 - (-6 + 29)
-12
What is -9 + (-6 - (-6 + -2)) - -4?
-3
-1 + (-7 + -5 - -7 - -1) + 9
4
What is -1 - -14 - (-15 - -39 - 19)?
8
What is the value of 21 + (10 + -9 + 3 - 12)?
13
Evaluate -34 + (-7 - -24) + 3.
-14
Calculate 0 - (2 - (-5 + 16)).
9
What is -12 + 6 + -7 + 14?
1
What is the value of 8 + (9 + -3 - 8) + -9 + -2?
-5
Calculate -1 + 11 + 210 + -213 + 5.
12
What is the value of 28 + -60 + 38 + 9?
15
What is the value of (-1 + 36 - (-27 + 33)) + -2?
27
What is 0 + 25 + 7 + -11 + 0 + 6?
27
What is 37 - (7 + -15 + 4 + 14)?
27
Calculate 46 - (-16 + 51 - 9).
20
What is (5 - 1) + 9 + -14 - -10?
9
(-3 - 3) + -2 + -4 + 2 + 1
-9
Calculate -82 - -79 - (-1 - 0 - -4) - -3.
-3
Evaluate (25 - 2) + 928 + -921.
30
What is (-8 - -5) + 3 + -32 + 23?
-9
Evaluate (-7 - 0) + (125 - 112).
6
Calculate -3 - -1 - (26 - (12 - -9)) - 2.
-9
28 + -23 + 3 + -19
-11
Evaluate -21 + (22 - 11) + (0 - -7) + -21.
-24
Calculate 29 - (62 + -46 + -13 + 4).
22
What is 7 + 1 + -4 + -5 - 8?
-9
Calculate 50 + -81 - (3 - ((-1 - -3) + 0)).
-32
What is the value of -10 - (-1 + 5 - -5 - (11 + 1))?
-7
What is the value of 3 + (-20 + -6 - -14)?
-9
What is the value of (2 - -1) + 13 + 21 + -39 - -5?
3
54 + (-11 + -4 - 13)
26
What is (-2 - 1) + (-116 - -128)?
9
Calculate -16 + -1 + (23 - -4) + -16.
-6
Calculate 13 + 4 - (13 + (-1 + -3 - 3)).
11
What is -3 + -1 - -10 - 18?
-12
Evaluate 5 + (15 - 39) - -2.
-17
Evaluate 4 + (7 + -5 + 1 - (5 + 0)).
2
(4 - 11) + -4 + 1 + 22 + -39
-27
Calculate -71 - -105 - 47 - (0 + 3).
-16
What is the value of -22 + 6 - -30 - 7?
7
What is -10 + 1 + (-7 + 10 - (1 - -5))?
-12
Evaluate 1 + -16 + -5 + -3 + (59 - 42).
-6
What is the value of (4 + (0 - 5) - -3) + -30 + 8?
-20
Calculate -6 - (3 + (-3 - 3) - (3 - -2)).
2
Calculate -1 + -5 + (-64 - -69).
-1
Evaluate -15 + (4 - -8) + (-1 - 0) + -8.
-12
What is the value of 7 + -9 + (-1 - 7) - -4?
-6
Calculate (-8 - (12 - -7)) + (-2 - -8) - 6.
-27
Calculate 22 + (-13 - (-1 - -2)).
8
36 - (14 + (-11 - -13))
20
What is 0 + 0 + 4 + -6 + -4 + 0?
-6
17 + (-1 + -3 - -4) + -10 - -1
8
Calculate -3 - ((2 - -4) + (1 - 8) - -4).
-6
Calculate 17 + (16 - 34 - 9).
-10
Calculate (-27 + 36 - (-5 + 19)) + 10 + 2.
7
106 + -134 - (-3 + -14)
-11
Calculate 18 - (4 + (-8 - -12)).
10
Evaluate -9 + (6 - 9) + 7.
-5
-43 + 40 + (-2 - 2)
-7
22 + (-24 - 1 - -18) + -1 + 4
18
What is -29 + (50 - 32 - (-6 + 21))?
-26
Calculate -9 + 4 + -20 + 39.
14
Calculate -4 + (-9 - -14) + 1 + -7.
-5
Evaluate 20 - ((-10 - (7 + -12)) + 10).
15
-10 + (2 - (2 + -8)) - 15 - -6
-11
What is 8 + (-20 - -15) - 5?
-2
What is 4 + 19 - ((11 + -9 - 0) + 6)?
15
Calculate 1 - -19 - (1365 + -1344).
-1
-11 + 11 + -13 + 8
-5
What is the value of 1 - -17 - (-76 - -119) - 0?
-25
What is the value of -2 - (-1 - -6) - (-3 - 6)?
2
What is 3 + (-6 - (11 + -6 - 5)) - 2?
-5
What is 0 + (-10 - 0) + 12 + 5?
7
What is 3 - (1 + (-5 + 3 - -4)) - 1?
-1
(26 - 46) + 23 + (-32 - -2)
-27
(-9 - 0) + (41 + -2 + -4 - -2)
28
What is 33 + (-13 + (30 - 8) - 16)?
26
What is the value of -49 + 96 + -33 + (-37 - 2)?
-25
Evaluate -3 + -1 + 0 + -2 + 7 - -4.
5
Evaluate 2 + 1 + -6 - (-25 - -9).
13
Calculate -11 + 10 - -11 - (3 + 5) - -19.
21
What is (60 - 26) + -38 - 3?
-7
What is 5 - (17 - (10 - 0 - 0)) - -2?
0
6 - (1 - (15 + 14 + -14))
20
Evaluate 0 - -3 - ((-4 - -18 - 16) + 3).
2
What is (-6 - -13) + -7 + (-2 + -2 - 10)?
-14
What is 2 + 1 + 6 - (-36 - -52)?
-7
What is 2 - (-1 + -7 + 12)?
-2
Calculate -7 + 0 - (4 - (-19 - -28)).
-2
-6 + 0 - (234 + -228)
-12
Evaluate -16 - (0 + 17 - 24).
-9
What is (-185 - -169) + (12 - 1)?
-5
Calculate -25 + 44 + -24 - (-10 - (-1 + -1)).
3
What is -4 + -5 + 4 + (19 - 13)?
1
What is (60 - (28 - 25)) + -27?
30
What is 13 + (-11 - -10 - 25)?
-13
What is -27 - (7 + (1 - (21 + 1 + -11)))?
-24
What is 12 + (19 - (6 + 11))?
14
What is the value of -7 + (10 - -2) + (2 - 14) + 0?
-7
2 - 2 - 13 - (-15 - (-39 + 33))
-4
Calculate 3 - 2 - -3 - (93 + -88).
-1
What is the value of 11 + 7 + (4 - 10 - (2 - 2))?
12
Evaluate -13 + (3 + -3 - -6) - -4.
-3
What is 0 + 16 - (-12 - (-20 + 8 + 0))?
16
2 + (-2 - 1) + 28 + (27 - 55)
-1
What is the value of -25 + (3 - (0 + -3 + 4 + -2))?
-21
Calculate 14 - (13 - 36 - (-1 + -11)).
25
6 + 0 + -2 - (29 - 8 - 15)
-2
Calculate -7 + 9 + -8 + 10.
4
What is the value of (0 - (0 - 8)) + 27 + -22 + -26?
-13
Evaluate -1242 + 1239 - ((1 - 2 - -4) + 0).
-6
What is the value of -8 + 0 - ((131 - 138) + -8 + -1)?
8
What is 1 + -12 - (11 - -22 - 39)?
-5
Calculate 6 + 1 + -2 - (3 + -6 + 4).
4
Evaluate 5 + (-2 - -4) - (4 + 17).
-14
5 - (3 + 2 + (16 - (2 - -4)))
-10
What is the value of 26 - 32 - (-4 + -2) - -13?
13
3 + (9 - (-9 + -9 + 58)) - -9
-19
What is the value of 12 + -6 + -7 + (-8 + -4 - -2)?
-11
What is -5 - ((9 - (2 + 9)) + -22)?
19
Evaluate -22 + 0 + (35 - 24).
-11
Calculate -1 + -2 + 4 + -5 + (8 - 6).
-2
-1 - (-1 + (5 - 0 - 0) + 6)
-11
Calculate (-17 - -3 - -9) + (6 + -3 - 6).
-8
Evaluate (11 - 2) + -16 + 5 + 3.
1
Evaluate (3 - -18) + -13 - 5.
3
What is the value of (-4 - -22) + -39 - -33?
12
Calculate -11 + (1 - 8) + 10.
-8
Evaluate -5320 + 5351 - (1 - 0 - -11).
19
55 + -53 - (3 - 2)
1
Calculate -13 + (39 - (16 - 7)) - 32.
-15
Calculate (3 - 19) + 1 + 15.
0
What is (6 - 31) + 19 - (-4 - (1 + 2))?
1
Evaluate -27 + -3 - -55 - 26.
-1
Evaluate -6 + -5 + 6 + (-3 + -3 - -12).
1
What is the value of 14 + -8 - (34 + -13) - 1?
-16
What is (10 - (19 - 4)) + 5?
0
What is -72 - -15 - (-20 + -14)?
-23
-3 + (3 - ((1 - 5) + 8 + 0))
-4
What is 1 + 1 + -2 - -14?
14
What is the value of 12 + -43 + 3 - (8 - -4 - 6)?
-34
2 - ((2 - -8) + -17)
9
-248 + 247 + 13 + (-2 - 1)
9
What is 7 + (29 - 88 - -28)?
-24
Evaluate 5 + -14 + -1 + 5.
-5
What is the value of -11 - (13 + (-1 - (40 + -4)))?
13
21 + -21 + -2 + 0 - -12
10
What is -12 + -36 + 17 + 32 + -39?
-38
Calculate 5 + 39 + -53 - -39.
30
What is (0 - 14) + -136 + 141?
-9
What is the value of 53 - 18 - (0 + 15)?
20
Evaluate (16 - 25) + -16 + 17.
-8
What is the value of 0 + -6 - (35 + -46 + 14)?
-9
Calculate 14 + (-23 - 11) + 19.
-1
-19 - ((31 - 55) + 23)
-18
23 + (4 + 2 - (-20 + 26))
23
Evaluate (0 - 3 - 6) + 0 - 2.
-11
-11 + (-5 - (-16 + -6)) + -6
0
What is 11 + (-25 - 16) + 34?
4
What is the value of -9 + 36 + -21 + 5?
11
What is (-65 - -60) + 1 + 10?
6
Evaluate (38 - 36) + -30 + (8 - 2).
-22
What is 32 + -156 + 120 + (0 - (-1 + -12))?
9
Calculate 30 + -28 + 3 + 2 + -6.
1
What is 3 + (5 - 6) + (2 - 5 - 1)?
-2
What is 1 - (-4 - (5 - 8)) - -2 - 17?
-13
What is -4 + (-1 - -20) + (-8 - -6) + 10?
23
(5 - (2 + 1 + 4)) + -6
-8
What is (-23 - -13 - -2) + -2 + -5?
-15
What is 1 - -4 - (22 + 11 + 21 + -29)?
-20
What is the value of 1 + 0 - (14 + -1 + -38 + 37)?
-11
Calculate (7 + -25 - -12) + 20.
14
Evaluate -14 - (18 + (-25 - 25)).
18
-5 + 13 + -4 + 1 + (-15 - -8)
-2
What is 16 + 10 - 17 - (0 + 5)?